e units digit of p?
3
Let l(m) = -m**3 - 4*m**2 - 4*m - 1. Let t be l(-3). Suppose -3*a - t*a = 5*d - 55, 12 = 4*d. What is the units digit of a?
8
Suppose -29 = -3*x - 2*v, x + 4*v + 3 + 4 = 0. What is the tens digit of x?
1
Suppose 4*m = 8*m - 16. Suppose 0 = p + 2*p - z - 83, p - m*z = 24. What is the units digit of p?
8
Let w(q) = -q**2 - 8*q + 14. Let m be w(-10). Let p = 12 + m. Suppose p*d - d - 3*g = -7, -d = 5*g - 21. What is the units digit of d?
1
Suppose 3*u = -4*v + 9, 2 - 7 = -u - 2*v. Let x(t) = -6*t. Let l be x(u). Suppose -l*w + 25 = -w. What is the units digit of w?
5
Suppose -18 = -3*j + 2*j. What is the tens digit of j?
1
Let t = 100 - -75. What is the tens digit of t?
7
Suppose -h = -64 + 9. What is the units digit of h?
5
Let s be -6*2/(-4)*1. Suppose -5*o + s*o + 10 = 0. Suppose -3 = r - 2*d + 1, o*r = -2*d + 40. What is the units digit of r?
6
Let i be 572/(-12) + (-1)/3. What is the units digit of i/18*(-42)/4?
8
Let r(z) = -7*z**3 - z**2 + z + 1. Let l be r(-1). Let u be (-3)/(-2)*16/l. Suppose -16 = -4*j, o = -3*o + u*j + 8. What is the units digit of o?
6
Let h = 8 - 10. Let f be h/8 - 54/8. Let a(i) = -i**2 - 10*i - 4. What is the tens digit of a(f)?
1
Let p = -5 - -3. Let v = -2 - p. Suppose -4*k = -36 - v. What is the units digit of k?
9
Suppose 17*g - 3523 = 4*g. What is the hundreds digit of g?
2
Let y = 4 + -2. Suppose 0 = -b - 4*w - 7, -2*b + y - 1 = 3*w. What is the units digit of b?
5
Suppose 3*a - y = 4*y + 35, 5*a + 3*y = 13. Suppose -2*c - 2*k = -20, -a*c + k + 0*k + 20 = 0. What is the units digit of c?
5
Suppose -407 = 3*z - m, -4*z + 8*m - 3*m = 550. What is the tens digit of (-8)/10*z/6?
1
Let s = 3 - -2. Suppose -6*w + s*w + 52 = 3*u, u - 5*w = 44. Let p = -6 + u. What is the units digit of p?
3
Suppose -2*f = 4*c - 12, -3*f + 3 = -2*c + 1. Suppose 4*m - 132 = c*h, -m - 3*h + 5 = -42. Suppose 0*w = 5*w - m. What is the units digit of w?
7
Suppose -3 = 3*l - 6. What is the units digit of l?
1
What is the tens digit of -1 + 39 - (1 + -2)?
3
Let y(b) = -b**3 + 7*b**2 - 4*b - 2. Let u(d) = d**2 - 3*d + 2. Let i = 1 + 3. Let h be u(i). What is the tens digit of y(h)?
1
What is the hundreds digit of 2 + (189 - -1 - -6)?
1
Let m = -1 + 3. What is the units digit of -2 + 0/m + 9?
7
Suppose -t + 0*t - 5 = 0. What is the units digit of (-496)/(-20) + 4/t?
4
Suppose -6*a - 116 = -8*a. What is the tens digit of a?
5
What is the units digit of (-12)/(-9) + (-1228)/(-6)?
6
Suppose -2*r + 53 = 2*j + j, 0 = 3*j + 9. What is the tens digit of r?
3
Let n = 43 + -27. Suppose -2*z - n = -4*z. What is the units digit of z?
8
Let v(c) = -21*c - 2. What is the tens digit of v(-1)?
1
Let z(g) = g**2 + 5*g + 2. Let m be z(-6). Suppose 12 = -4*s - 0, -2*h - 4*s = -10. Let k = h - m. What is the units digit of k?
3
Let t(r) = r**2 - r. Let d(a) = 4*a**2 - 11*a - 9. Let n(b) = d(b) - 5*t(b). Let u be n(-6). What is the units digit of (-6)/u*18/4?
3
Let c = -6 + 5. Let x = 4 + c. What is the units digit of x?
3
Let m(s) = s**3 - 9*s**2 + 8*s + 3. Suppose 0 = -6*w + w + 3*n + 40, 16 = 2*w - n. What is the units digit of m(w)?
3
Suppose 2*r + r = -21. Let m(v) = v**2 + 6*v + 6. What is the tens digit of m(r)?
1
What is the units digit of (-568)/(-6) + (-6)/9?
4
Suppose -5*k - l = -3*l - 32, 3*k - l - 19 = 0. What is the units digit of (k/(-10))/(3/(-30))?
6
Let n be (-1)/(0 - (-2)/(-8)). Suppose -5*b - n*w + 94 = -w, -2*b + 44 = -2*w. What is the units digit of b?
0
Let h = 0 - -3. Suppose -5*d = m - 9, -m + 4*d - 1 = -d. Let g = m - h. What is the units digit of g?
1
Let h(r) = r**3 - 8*r**2 + 7*r + 2. Let c be h(7). Suppose -2*p = 3*f + 3*p - 13, -f + 4 = c*p. What is the units digit of f?
6
Let y(d) = d**3 + 4*d**2 - 6*d - 3. Let s be y(-5). What is the tens digit of 10/(((-4)/s)/(-4))?
2
Suppose 3*h - 145 = -3*r + 2*h, 2*h - 98 = -2*r. What is the tens digit of r?
4
Suppose u = 5*u - 8. Suppose u = d + d. What is the units digit of d?
1
Let r(w) = 4*w - 1. Let d be r(1). Suppose d*v - 20 = 2*v. What is the units digit of v?
0
Let a(j) = j**3 + j**2. Let l be a(-1). Suppose l = 7*s - 2*s - 90. What is the tens digit of s?
1
Suppose -3*z + 5*u = -51, z = -z - 4*u + 56. What is the units digit of z?
2
Suppose 0 = 4*z - 17 - 3. Suppose -3*l = z*k - 31, -4*l = k + 2*k - 45. What is the tens digit of l?
1
Let n = -23 + 34. Suppose -n = -5*l + 9. What is the units digit of l?
4
Suppose 4*t - 68 = -0*f + 3*f, -5*t - 3*f + 85 = 0. Let d = 29 - t. What is the tens digit of d?
1
Suppose 2*v - 2*b + 6 = 0, -v + 3*b + 12 = 5*b. What is the units digit of v?
2
Let c be (-100)/(-15) - (-2)/(-3). What is the units digit of (c/15)/((-2)/(-30))?
6
What is the units digit of 95*(-4 + 5) + 0/1?
5
Suppose 2*o - 148 = -2*o. What is the units digit of o?
7
What is the tens digit of (-5 - 0) + 156 + -1?
5
Let l(f) be the first derivative of 7*f - 1/3*f**3 + 3*f**2 - 2. What is the units digit of l(6)?
7
Let z = -2 - -2. Suppose z = -3*l + 4*q - 7 + 22, -10 = -2*l - 5*q. What is the units digit of l?
5
Suppose -j + 178 = 2*j - 5*i, -5*i = 4*j - 284. Suppose 2*d + 20 = j. What is the units digit of d?
3
Suppose 2*i - 7*d + 2*d - 389 = 0, 2*i + d = 383. What is the hundreds digit of i?
1
Let l be 2/4*(-132)/(-1). Suppose 2*o = -5*v + o + l, -3*o = 4*v - 55. Suppose 0 = 4*s - 81 + v. What is the tens digit of s?
1
Let k(l) = 10*l**2 + l. Let i be k(-1). Suppose 0 = -3*n - 0*n + 9. Suppose -n*q + 3 = -i. What is the units digit of q?
4
Let w(h) = h**2 + 2*h + 141. What is the tens digit of w(0)?
4
What is the hundreds digit of (-4911)/(-21) - (-2)/(15 - 1)?
2
Let r = 158 + -111. Let o be r/7 + 8/28. Let m = o - 3. What is the units digit of m?
4
Let i(p) = p + 17. Let o(u) = -u - 1. Let w(b) = i(b) + 2*o(b). What is the units digit of w(9)?
6
Let l(a) = a + 1. Let j be l(-3). Let x be 2/8 - j/(-8). Suppose x = -o + 1 + 1. What is the units digit of o?
2
Suppose 0 = -2*l - 2*b + 76, 5*l - 154 = b + 24. What is the tens digit of l?
3
Suppose 3*d + q - 6 = 4, 4*d + 3*q - 15 = 0. Suppose -4*c + 2 = d*w, 0 = -3*w + 6*c - c + 11. Let b = 10 - w. What is the units digit of b?
8
Let c be 3 - (0 + 0 + -83). Let s = c - 136. What is the tens digit of (3/(-2))/(5/s)?
1
Let p(n) = 7*n + 1. What is the units digit of p(4)?
9
Let n(v) be the first derivative of v**4/12 - 2*v**3/3 - v**2/2 + 2*v + 2. Let s(f) be the first derivative of n(f). What is the units digit of s(5)?
4
Let t(a) = -a**2 - 6*a - 4. Let q be 2 + (2 + 1)*-2. Let h be t(q). Suppose 0 = -n + h*n - 30. What is the tens digit of n?
1
Let y(g) = -g + 5. Let w be y(3). Let q(m) = -m**2 + 16*m + 3. Let n be q(16). Suppose -n*v = -6*s + 2*s + 38, 0 = v - w. What is the tens digit of s?
1
Suppose 0 = 5*s - 0*s. Suppose 4*b - 8*b + 80 = s. Suppose -5*h - b = -5*u + 10, 0 = -u + 3*h + 6. What is the units digit of u?
6
Let n be 1/(-4) + 27/12. Suppose -4*c = -20, -c = -3*a + n + 17. What is the units digit of a?
8
Let t be 0 + (-2*1 - 1). Let f = t + -1. What is the units digit of (-2 - 0)*2/f?
1
Suppose 56 + 54 = 5*s. Let i = -9 + s. What is the tens digit of i?
1
Let l(p) = -p**2 + 13*p - 12. What is the units digit of l(8)?
8
Suppose -449 = -4*y - 0*q + 5*q, 2*y - 4*q = 220. Suppose -5*w + y = -w. What is the units digit of w?
9
Let k be (-1)/(-2)*(-4)/2. Let d = 8 + k. What is the units digit of d?
7
What is the units digit of (-72)/18 - 214/(-1)?
0
What is the units digit of -3 - 2 - -176 - -2?
3
What is the tens digit of (28/(-21) + 0)*(-195)/2?
3
Let x be (6/9)/2*-3. Let q be (0 - (x - -1))/2. Suppose 4*t + 4*n + 4 = 0, t - 6*t + 4*n + 40 = q. What is the units digit of t?
4
Let b = 233 + -160. What is the tens digit of b?
7
Let r be 47/4 + (-3)/4. What is the units digit of 1/(1 + 0)*r?
1
Let s(a) = -9*a**3 + a**2 + 2*a + 1. Let b be s(-1). Let r = b - 5. Suppose -r*x = -5 - 11. What is the units digit of x?
4
Suppose -g - 20 = -2. Let a = g - -45. What is the tens digit of a?
2
Suppose 3*d - d - 32 = 0. Suppose -d = -3*f + 29. What is the units digit of ((-24)/f)/((-4)/10)?
4
Let p(a) = -a**3 + a**2 + 17. Suppose -h - l + 0*l = -5, h + 3*l - 15 = 0. What is the units digit of p(h)?
7
Let i(u) = -u**3 - 22*u**2 + 14*u - 3. What is the units digit of i(-23)?
4
Let w = -76 + 130. What is the units d